 is the greatest common factor of 207 and 92?
23
What is the highest common divisor of 745 and 1341?
149
Calculate the greatest common divisor of 36 and 18.
18
What is the greatest common factor of 2106 and 18?
18
Calculate the greatest common divisor of 27706 and 42.
14
Calculate the highest common divisor of 688 and 496.
16
Calculate the highest common divisor of 343 and 14.
7
What is the greatest common factor of 63 and 36?
9
Calculate the greatest common factor of 40 and 10280.
40
Calculate the highest common divisor of 48 and 152.
8
Calculate the highest common divisor of 135 and 387.
9
Calculate the highest common factor of 270 and 210.
30
Calculate the highest common factor of 21 and 210.
21
What is the greatest common divisor of 203 and 1943?
29
What is the greatest common divisor of 7138 and 1494?
166
Calculate the highest common divisor of 84 and 47292.
84
What is the greatest common factor of 18 and 3474?
18
Calculate the greatest common divisor of 10 and 6835.
5
What is the highest common divisor of 1 and 1601?
1
Calculate the greatest common divisor of 236 and 59.
59
Calculate the greatest common factor of 302 and 7399.
151
Calculate the highest common divisor of 255 and 45.
15
Calculate the highest common factor of 2380 and 980.
140
What is the greatest common factor of 1 and 7?
1
What is the highest common factor of 801 and 2581?
89
What is the highest common factor of 328 and 16?
8
What is the greatest common factor of 70 and 70?
70
What is the highest common divisor of 112 and 532?
28
What is the greatest common divisor of 2882 and 220?
22
What is the highest common factor of 192 and 6816?
96
What is the highest common factor of 39 and 143?
13
Calculate the highest common divisor of 1023 and 99.
33
Calculate the highest common divisor of 62 and 31.
31
What is the highest common divisor of 899 and 31?
31
What is the highest common divisor of 24 and 2532?
12
Calculate the greatest common factor of 27 and 513.
27
Calculate the highest common factor of 142 and 5751.
71
Calculate the greatest common factor of 62 and 1054.
62
Calculate the highest common divisor of 3026 and 2314.
178
Calculate the highest common divisor of 320 and 448.
64
What is the highest common factor of 27 and 243?
27
What is the highest common divisor of 297 and 27?
27
Calculate the highest common divisor of 4 and 10.
2
Calculate the greatest common factor of 296 and 144.
8
Calculate the highest common divisor of 625 and 425.
25
Calculate the greatest common factor of 68 and 85.
17
What is the highest common divisor of 1273 and 67?
67
What is the highest common factor of 88 and 253?
11
What is the highest common divisor of 280 and 176?
8
Calculate the highest common divisor of 24 and 888.
24
What is the highest common factor of 138 and 1426?
46
Calculate the highest common factor of 6448 and 26.
26
Calculate the highest common divisor of 9 and 3447.
9
Calculate the highest common factor of 8030 and 22.
22
What is the highest common factor of 119 and 14?
7
What is the greatest common divisor of 4488 and 198?
66
Calculate the highest common divisor of 260 and 2132.
52
Calculate the greatest common divisor of 91 and 329.
7
Calculate the greatest common factor of 164 and 902.
82
Calculate the greatest common factor of 6 and 1662.
6
Calculate the greatest common factor of 56 and 308.
28
Calculate the greatest common divisor of 22 and 605.
11
What is the greatest common factor of 144 and 1044?
36
What is the greatest common factor of 210 and 21?
21
Calculate the greatest common divisor of 189 and 351.
27
Calculate the greatest common divisor of 235 and 10.
5
What is the highest common factor of 51 and 646?
17
What is the greatest common factor of 2 and 2?
2
Calculate the highest common factor of 1000 and 225.
25
Calculate the greatest common factor of 4398 and 18.
6
Calculate the highest common divisor of 1615 and 2295.
85
What is the greatest common divisor of 62206 and 38?
38
What is the greatest common divisor of 72 and 744?
24
Calculate the highest common factor of 7 and 492.
1
Calculate the highest common factor of 364 and 52.
52
Calculate the highest common divisor of 20 and 85.
5
Calculate the highest common divisor of 15972 and 132.
132
Calculate the greatest common factor of 155 and 5053.
31
Calculate the greatest common factor of 160 and 8896.
32
What is the greatest common divisor of 3 and 453?
3
What is the highest common factor of 288 and 10512?
144
Calculate the highest common divisor of 21 and 15393.
21
Calculate the highest common factor of 110 and 242.
22
Calculate the highest common factor of 16 and 74.
2
What is the greatest common factor of 1253 and 21?
7
Calculate the greatest common factor of 437 and 209.
19
Calculate the greatest common factor of 5995 and 22.
11
What is the greatest common factor of 67 and 737?
67
What is the highest common divisor of 1104 and 16?
16
Calculate the highest common factor of 2037 and 42.
21
Calculate the greatest common divisor of 380 and 220.
20
Calculate the highest common divisor of 126 and 36.
18
What is the greatest common factor of 446 and 12?
2
What is the highest common factor of 707 and 7?
7
What is the greatest common factor of 666 and 1702?
74
Calculate the greatest common divisor of 594 and 513.
27
What is the greatest common factor of 4731 and 19?
19
Calculate the greatest common divisor of 221 and 3298.
17
Calculate the highest common divisor of 33 and 319.
11
What is the highest common factor of 94 and 2162?
94
Calculate the greatest common factor of 48 and 960.
48
What is the highest common divisor of 2817 and 18?
9
What is the greatest common factor of 71 and 24637?
71
What is the greatest common factor of 19 and 3078?
19
What is the highest common divisor of 53 and 212?
53
What is the highest common factor of 200 and 75?
25
Calculate the greatest common divisor of 1375 and 100.
25
What is the greatest common divisor of 39 and 2587?
13
What is the greatest common factor of 2 and 3504?
2
Calculate the highest common factor of 63 and 207.
9
What is the greatest common factor of 1539 and 2025?
81
Calculate the greatest common divisor of 176 and 187.
11
Calculate the greatest common factor of 7 and 34335.
7
Calculate the highest common factor of 7 and 7.
7
What is the highest common factor of 1391 and 13?
13
Calculate the highest common factor of 2684 and 132.
44
What is the greatest common factor of 47 and 8?
1
What is the greatest common divisor of 3047 and 1385?
277
What is the highest common divisor of 39 and 7839?
39
What is the highest common factor of 2574 and 44?
22
What is the highest common factor of 460 and 38410?
230
Calculate the greatest common factor of 426 and 12.
6
Calculate the greatest common factor of 9789 and 13.
13
Calculate the greatest common divisor of 2 and 1308.
2
Calculate the highest common factor of 1629 and 9.
9
Calculate the greatest common divisor of 21 and 35.
7
Calculate the highest common factor of 189 and 18.
9
Calculate the highest common factor of 4 and 122.
2
Calculate the greatest common factor of 3152 and 32.
16
Calculate the greatest common divisor of 240 and 5568.
48
What is the highest common divisor of 779 and 247?
19
What is the highest common divisor of 26403 and 39?
39
What is the highest common divisor of 95 and 57?
19
What is the greatest common factor of 368 and 230?
46
What is the greatest common factor of 4 and 2566?
2
What is the greatest common factor of 528 and 30?
6
What is the highest common divisor of 374 and 102?
34
What is the highest common divisor of 525 and 56?
7
What is the highest common factor of 10 and 8150?
10
What is the greatest common factor of 136 and 2380?
68
What is the greatest common factor of 1 and 29?
1
Calculate the greatest common factor of 7 and 24.
1
Calculate the highest common factor of 880 and 5.
5
What is the highest common factor of 1580 and 800?
20
Calculate the greatest common divisor of 291 and 2328.
291
Calculate the greatest common divisor of 740 and 20.
20
Calculate the highest common factor of 19 and 56.
1
Calculate the greatest common factor of 39 and 1118.
13
What is the greatest common factor of 29556 and 72?
36
What is the greatest common factor of 128 and 4?
4
Calculate the greatest common factor